147. What is g(-15)?
7
Let j(w) = w**2 + 16*w - 7159. Calculate j(-93).
2
Let f(t) = -t**2 - 7*t + 105. Determine f(-18).
-93
Let y(x) = 95*x - 1177. Calculate y(13).
58
Let v(b) = -482*b - 3363. Calculate v(-7).
11
Let j(t) = 9*t**2 - 48*t + 1. What is j(9)?
298
Let c(w) = -52*w - 2239. Calculate c(-43).
-3
Let b(a) = a**3 - 4*a**2 - 99*a + 467. Determine b(5).
-3
Let k(o) = 2*o**2 + 11*o - 175. Determine k(7).
0
Let x(a) = 4729*a - 14185. Determine x(3).
2
Let u(i) = i**3 + 77*i**2 - 79*i - 68. Calculate u(-78).
10
Let n(c) = 6*c**2 - 314*c - 2362. Determine n(59).
-2
Let r(t) = 2*t**2 + 339*t - 163. Determine r(-170).
7
Let n(q) = -q**3 - 15*q**2 - 47*q + 19. What is n(-10)?
-11
Let i(g) = -13*g**2 - 351*g + 13. Give i(-27).
13
Let a(z) = -74*z - 12. Calculate a(1).
-86
Let i(f) = -f**3 + 7*f**2 + 8*f - 38. Calculate i(0).
-38
Let t(s) = -3*s**3 + 2*s**2 + 7*s - 7. Determine t(4).
-139
Let u(m) = -7*m + 533. Calculate u(76).
1
Let p(j) = 363*j - 1455. Determine p(4).
-3
Let v(a) = -a**3 - 7*a**2 + 9*a. Determine v(-8).
-8
Let g(i) = -i**2 + 857*i - 3448. What is g(4)?
-36
Let b(m) = -19*m + 772. What is b(40)?
12
Let f(y) = -6*y**2 + 178*y + 19. Give f(30).
-41
Let t(n) = 6*n**2 + 46*n - 70. Determine t(3).
122
Let i(z) = -81*z + 11012. Give i(136).
-4
Let x(w) = -4*w**3 + 197*w**2 + 357*w - 36. What is x(51)?
-36
Let d(n) = -n**3 - 12*n**2 + 83*n + 7. Give d(5).
-3
Let o(i) = -2*i + 87. Calculate o(31).
25
Let d(v) = -2*v**3 - 35*v**2 - 12*v - 20. Give d(-17).
-105
Let b(d) = -d**2 + 20*d - 92. Give b(11).
7
Let p(i) = -i**2 + 45*i - 494. Determine p(22).
12
Let b(r) = -2*r + 15. Determine b(15).
-15
Let y(w) = -2*w**3 + 9*w**2 - 5*w. Give y(4).
-4
Let l(o) = -9*o**2 + 483*o - 783. Calculate l(52).
-3
Let p(r) = 74*r - 30. Calculate p(-3).
-252
Let f(l) = l**2 + 17*l + 4. Calculate f(-4).
-48
Let c(a) = 30*a - 391. Give c(0).
-391
Let p(j) = j**2 + 62*j - 6614. Determine p(-118).
-6
Let h(t) = -57*t + 738. Give h(13).
-3
Let u(q) = -306*q - 1205. Give u(-4).
19
Let p(f) = 15*f - 413. Calculate p(28).
7
Let g(d) = -d**2 + 3*d + 142. Determine g(22).
-276
Let l(y) = -403*y + 5245. Give l(13).
6
Let g(h) = 534*h + 3201. Calculate g(-6).
-3
Let m(j) = 2*j**2 - 47*j - 7473. What is m(74)?
1
Let o(l) = -2*l**3 - 12*l**2 - 614*l - 3020. Give o(-5).
0
Let c(i) = i**3 - 7*i**2 - 1622*i - 270. Calculate c(44).
-6
Let m(j) = -11*j**2 - 311*j - 394. Give m(-27).
-16
Let a(r) = r**2 + 30*r + 20. Determine a(-12).
-196
Let i(c) = 22*c + 1445. What is i(-66)?
-7
Let h(k) = -2*k**3 + 20*k**2 - 23*k + 8. Calculate h(9).
-37
Let f(o) = -16*o**2 - 244*o - 72. Give f(-15).
-12
Let i(s) = -2007*s + 14059. What is i(7)?
10
Let b(j) = -7410*j + 281578. Determine b(38).
-2
Let c(m) = -48*m**3 + 10*m + 9. Give c(-1).
47
Let u(p) = 95*p**3 + p**2 - 100*p - 102. Calculate u(-1).
-96
Let u(q) = -q**2 + 21*q + 301. Calculate u(-9).
31
Let j(c) = 1769*c + 7083. Determine j(-4).
7
Let t(v) = v**2 + 47*v + 572. What is t(-27)?
32
Let q(p) = p**3 - 78*p**2 + 217*p + 604. Calculate q(75).
4
Let k(h) = h**3 - 151*h**2 + 445*h - 51. Calculate k(148).
97
Let w(d) = -d**3 + 63*d**2 + 49*d + 684. Give w(64).
-276
Let t(i) = -i**2 - 290*i - 5657. Determine t(-21).
-8
Let t(x) = -x**3 + 48*x**2 - 94*x + 50. Give t(46).
-42
Let c(x) = 2958*x + 14783. Determine c(-5).
-7
Let u(y) = -10*y + 503. Calculate u(-12).
623
Let z(s) = -s**2 + 14*s + 194. What is z(-8)?
18
Let f(b) = -271*b - 101085. Determine f(-373).
-2
Let b(s) = -2*s**2 + 19*s - 32. Determine b(13).
-123
Let a(y) = 2*y**3 + 11*y**2 - 52*y - 24. Calculate a(-8).
72
Let j(v) = -2*v**3 + 16*v**2 - 34*v + 57. Determine j(6).
-3
Let s(k) = -3*k**2 + 46*k - 105. Give s(4).
31
Let c(q) = q**2 + 6*q - 10. Determine c(1).
-3
Let z(r) = 11*r**3 - 66*r**2 + 3*r + 23. Give z(6).
41
Let l(p) = -p**2 - 8741*p - 43680. What is l(-5)?
0
Let z(g) = 2*g**3 - 143*g**2 + 69*g + 179. What is z(71)?
37
Let v(q) = 4669*q - 4676. Calculate v(1).
-7
Let p(s) = -11*s**2 - 881*s - 52. What is p(-80)?
28
Let m(t) = -2*t**2 + 190*t - 30. What is m(95)?
-30
Let q(u) = -u**3 + 47*u**2 - 86*u - 159. What is q(45)?
21
Let v(j) = j**2 + 21*j - 137. Determine v(10).
173
Let c(v) = -2*v**3 + 16*v**2 + 31*v - 38. Determine c(9).
79
Let b(n) = -3*n - 237. Give b(-32).
-141
Let b(i) = 15*i - 717. Give b(69).
318
Let a(o) = -3*o**2 - 70*o + 30. Calculate a(-24).
-18
Let n(m) = -4*m**2 + 81*m + 46. Give n(21).
-17
Let w(t) = -98*t - 9338. Determine w(-96).
70
Let q(h) = -3*h**2 - 290*h - 1137. Determine q(-4).
-25
Let u(f) = -2*f**2 + 22*f + 89. Give u(0).
89
Let d(h) = -6*h**2 - 539*h - 3826. Give d(-7).
-347
Let m(g) = -g**2 + 183*g - 7017. Calculate m(56).
95
Let d(b) = -146*b - 3224. Give d(-22).
-12
Let h(n) = 2*n**3 - 9*n**2 - 11*n + 22. Determine h(-3).
-80
Let k(x) = -x**3 - 13*x**2 - 51*x - 92. What is k(-9)?
43
Let h(m) = -m**3 + 69*m**2 + 878*m + 58. What is h(80)?
-102
Let z(n) = 9*n**3 + 2*n**2 + 3*n + 4. What is z(-1)?
-6
Let k(b) = 3*b**3 - 60*b**2 + 297*b + 3. Determine k(9).
3
Let j(x) = 2*x**2 + 41*x + 118. Determine j(-16).
-26
Let l(u) = u**3 - 4*u**2 - 5*u + 5. Give l(5).
5
Let m(l) = 23*l**2 + 123*l - 84. Give m(-7).
182
Let f(o) = o**3 - 3*o**2 - 3*o + 2. Determine f(5).
37
Let p(f) = 296*f - 9514. Give p(32).
-42
Let b(g) = -g**3 - 176*g**2 - 350*g - 349. Give b(-174).
-1
Let i(d) = 87*d - 1554. Calculate i(18).
12
Let l(g) = -107*g - 1187. Calculate l(-11).
-10
Let u(q) = 21*q + 381. Determine u(-20).
-39
Let b(q) = -8817*q - 17642. What is b(-2)?
-8
Let z(m) = -8*m**2 + 138*m + 45. Give z(17).
79
Let v(q) = 102*q**3 + 2*q**2 - 90*q + 89. What is v(1)?
103
Let n(x) = x**3 - 17*x**2 + 73*x + 6. Determine n(6).
48
Let l(r) = -r**2 + 7*r + 11. What is l(15)?
-109
Let d(k) = -695*k - 36118. Give d(-52).
22
Let f(q) = -15*q**2 + 639*q + 255. Determine f(43).
-3
Let z(q) = q**3 - 4*q**2 - 90*q + 415. What is z(5)?
-10
Let r(f) = 279*f + 1683. Determine r(-6).
9
Let k(u) = -22*u + 81. Determine k(29).
-557
Let x(z) = 16*z + 162. Give x(-10).
2
Let n(m) = -m**3 - 19*m**2 + 31*m - 43. Give n(-20).
-263
Let o(b) = 88*b - 16116. Calculate o(183).
-12
Let h(k) = k**3 - 15*k**2 + 45*k + 27. Calculate h(8).
-61
Let w(a) = -2*a**2 + 59*a - 15. Determine w(-2).
-141
Let f(a) = 3*a**3 - 108*a**2 + 21*a - 321. Give f(36).
435
Let i(b) = 2*b + 76. What is i(-46)?
-16
Let m(g) = -g**2 + 21*g - 37. What is m(2)?
1
Let f(y) = y**2 + 98*y + 2101. Determine f(-66).
-11
Let j(r) = r**3 - 132*r**2 + 231*r + 3752. Give j(130).
-18
Let f(a) = a**2 - 41*a - 53. What is f(0)?
-53
Let o(q) = 3*q**3 - 119*q**2 + 79*q - 35. What is o(39)?
4
Let g(l) = 2*l**3 + 53*l**2 - 374*l - 8127. Give g(-28).
-7
Let t(g) = g - 329. What is t(4)?
-325
Let d(i) = 4*i + 241. Give d(0).
241
Let p(k) = -k**3 - 62*k**2 + 13*k + 836. Calculate p(-62).
30
Let a(x) = -2*x**3 - 70*x**2 + 74*x + 28. What is a(-36)?
-44
Let p(g) = 31*g**2 + 776*g + 6. Calculate p(-25).
-19
Let b(u) = -85*u - 3073. What is b(-36)?
-13
Let q(i) = i**3 + 18*i**2 + 68*i + 187. Give q(-14).
19
Let w(t) = -15*t**2 + 5*t - 17. Determine w(-4).
-277
Let n(a) = 2*a**2 + 57*a - 100. Give n(-31).
55
Let h(o) = 16*o**3 + 1022*o**2 - 126*o + 129. Calculate h(-64).
1
Let u(l) = -l**3 - 49*l**2 - 36*l + 142. Give u(-48).
-434
Let y(h) = -h**3 + 57*h**2 - 217*h - 2246. What is y(52)?
-10
Let s(r) = r**3 + 2*r**2 - 46*r - 44. Calculate s(0).
-44
Let w(j) = 2*j**3 + 23*j**2 + 40*j - 47. What is w(-9)?
-2
Let c(v) = 2*v**3 - 123*v**2 + 59*v + 84. What is c(61)?
-38
Let i(x) = 2*x**3 - 57*x**2 - 71*x - 576. Determine i(30).
-6
Let y(g) = 28*g - 121. Determine y(5).
19
Let g(n) = 126*n - 2716. What is g(22)?
56
Let s(k) = -2*k**2 - 311*k + 5. Determine s(0).
5
Let j(y) = -6*y**2 - 19*y + 68. Determine j(4).
-104
Let k(x) = -584*x - 10510. Give k(-18).
2
Let n(l) = l**3 + 82*l**2 - 911*l + 819. Determine n(-92).
-9
Let o(s) = -s**3 + 3*s**2 + 18*s + 15. Determine o(-5).
125
Let v(m) = -m**3 - 36*m**2 - 320*m + 71. Determine v(-18).
-1
Let m(w) = -5*w**2 - 4*w + 44. What is m(0)?
44
Let g(m) = m**2 + 9*m - 97. Calculate g(-15).
-7
Let z(w) = 208*w - 3740. Calculate z(18).
4
Let f(m) = -m**2 - 40*m + 15. Determine f(-46).
-261
Let q(s) = -3*s**2 - 297*s - 439. Calculate q(-97).
143
Let d(u) = -u**3 - 2*u**2 - u + 83. Give d(0).